{"id":614,"date":"2014-05-25T13:34:31","date_gmt":"2014-05-25T12:34:31","guid":{"rendered":"http:\/\/www.singvoegel.com\/?page_id=614"},"modified":"2015-10-25T14:46:01","modified_gmt":"2015-10-25T13:46:01","slug":"westwind","status":"publish","type":"page","link":"http:\/\/www.singvoegel.com\/index.php\/westwind\/","title":{"rendered":"WESTWIND"},"content":{"rendered":"<p>WESTWIND ist das bislang wohl aufw\u00e4ndigste Album in der bewegten Geschichte der Singv\u00f8gel. F\u00fcr die Aufnahmen zogen sich Karan, Duke und Sven zusammen mit Produzent Ingo Vogelmann volle zwei Wochen in ein abgelegenes Ferienhaus auf der d\u00e4nischen Nordseeinsel R\u00f8m\u00f8 zur\u00fcck. In dieser intensiven und kreativen Atmosph\u00e4re entstanden zw\u00f6lf Songs, die einmal mehr die au\u00dfergew\u00f6hnliche Bandbreite des Trios aufzeigen.<\/p>\n<p>Hier k\u00f6nnt ihr <a href=\"http:\/\/www.singvoegel.com\/index.php\/cds-der-singvoegel-bestellen\/\">alle Singv\u00f8gel-CDs direkt bei uns bestellen<\/a><\/p>\n<p>Hier gibt es <a href=\"http:\/\/www.singvoegel.com\/index.php\/singvoegel-in-mp3\/\">alle Singv\u00f8gel-Alben in den Formaten MP3 oder FLAC<\/a><\/p>\n<p><strong>&#8222;In unserem Alter singt man nicht mehr irgendwas.&#8220;<\/strong><\/p>\n<p>In Klangr\u00e4ume von epischer \u00dcppigkeit bis minimalistischem Unplugged eingebettet finden sich auch auf WESTWIND wieder Songtexte, deren poetische Qualit\u00e4t ihresgleichen suchen und die vom Zustand der Welt bis zu intimsten Gef\u00fchlen die Vielf\u00e4ltigkeit des menschlichen Seins beschreiben. Das zweite Album der Singv\u00f8gel schmiegt sich konsequent in die Ohren. Es lebt vom reizvollen Kontrast der Stimmen von Karan und Duke Meyer, die sich abwechselnd Gitarren und Bass in die Hand geben, w\u00e4hrend Sven Scholz am Schlagzeug f\u00fcr druckvolle Beats sorgt. Multiinstrumentalistin Karan steuert vielf\u00e4ltige Fl\u00f6ten- und Klavierparts bei. Zum ersten Mal sind auch Gastmusiker mit von der Partie: der Gitarrist Alexander Schweigert setzt diverse solistische Akzente besonderer G\u00fcte, und Ansgar Offermanns Geige belebt \u00fcberzeugend eine Bluegrass-Nummer.<\/p>\n<p>So \u00fcppig instrumentiert bei gleichzeitig solch einer luftigen Transparenz im Sound waren die Singv\u00f8gel noch nie. Entsprechend schwelgerisch gehen sie in die Tiefe, loten langsam und bed\u00e4chtig die Abgr\u00fcnde von Herz und Seele aus, die manche d\u00fcstere Verzweiflung als auch ansteckenden Optimismus bereit h\u00e4lt. Der WESTWIND mag manche dunklen Wolken bringen, aber am Ende droht WESTWIND nicht mit steifer Brise oder scharfen B\u00f6en sondern bettet Dich vielmehr in den warmen Hauch eines n\u00e4chtlichen Kusses: <em>Geh nicht blind durch die Welt, aber sorge dich auch nicht zu sehr, denn am Ende wird alles gut.<\/em><\/p>\n<p>Und einen Bonustrack haben wir auch: Ingos &#8222;Minimal House mit etwas Acid&#8220;-<a href=\"https:\/\/soundcloud.com\/singvogel\/westwind-bonus-track-eisberg?in=singvogel\/sets\/westwind\" target=\"_blank\">Remix von &#8222;Eisberg&#8220; gibt&#8217;s zum kostenlosen Download auf Soundcloud<\/a>!<\/p>\n<p>&nbsp;<\/p>\n<div style=\"text-align: center;\"><iframe style=\"border: 0; width: 700px; height: 1136px;\" src=\"http:\/\/bandcamp.com\/EmbeddedPlayer\/album=4164342000\/size=large\/bgcol=ffffff\/linkcol=e99708\/transparent=true\/\" seamless><a href=\"http:\/\/singvoegel.bandcamp.com\/album\/westwind\">WESTWIND by Singv\u00f8gel<\/a><\/iframe><\/div>\n<p>&nbsp;<\/p>\n<p>Die Band spielt an Lagerfeuern, in kleinen und gr\u00f6\u00dferen Clubs und auf so mancher Festivalb\u00fchne im gesamten deutschsprachigen Raum und dar\u00fcber hinaus von England bis Italien. Mit seinem zweiten professionell produzierten Album meldet das ambitionierte Trio einmal mehr seinen Anspruch auf Aufmerksamkeit in der deutschsprachigen Rock- und Popszene an.<\/p>\n<p>WESTWIND ist seit 13. Juni 2014 als Digital-Album und auf CD erh\u00e4ltlich sein, digital <a href=\"http:\/\/www.cdbaby.com\/Artist\/Singvogel\" target=\"_blank\">bei CD Baby<\/a>, bei <a href=\"http:\/\/singvoegel.bandcamp.com\/album\/westwind\" target=\"_blank\">Bandcamp <\/a>und auf allen relevanten Plattformen, als CD verpackt in einem edlen Digipak und mit einem 20-seitigen Booklet mit allen Texten <a href=\"http:\/\/www.singvoegel.com\/index.php\/cds-der-singvoegel-bestellen\/\">direkt bei uns<\/a> und in <a href=\"http:\/\/singvoegel.bandcamp.com\/album\/westwind\" target=\"_blank\">ausgew\u00e4hlten Shops<\/a>.<\/p>\n<p>Um die Aufnahmen auf R\u00f8m\u00f8 zu refinanzieren und die CD zu realisieren, riefen die Singv\u00f8gel abermals ihre Fans zu einem <a href=\"http:\/\/www.pledgemusic.com\/artists\/singvoegel\" target=\"_blank\">Crowdfunding \u00fcber die Plattform PledgeMusic<\/a> auf. Und die Fans kamen, mehr als je zuvor.<\/p>\n<p>Wieder konnte das Crowdfunding-Ziel \u00fcbertroffen werden, so dass nicht nur die Pressung des Albums auf eine Silberscheibe auf diese neue und zeitgem\u00e4\u00dfe Art m\u00f6glich wurde. 5% der gesamten Einnahmen gingen dar\u00fcber hinaus an <a href=\"https:\/\/www.facebook.com\/haiyanreliefnorthernpalawan\" target=\"_blank\">Typhoon Haiyan Relief<\/a>, die seit dem verheerenden Taifun auf den Philippinen im Winter 2013 gro\u00dfartige Aufbau- und Hilfsaktionen an den abgelegen Orten der Region leisten, die sonst durch den Rost gefallen w\u00e4ren. Da Ingo diese Leute pers\u00f6nlich kennt, wissen wir, dass das Geld an genau die richtigen Stellen flie\u00dft.<\/p>\n<p>Die \u00dcberzeugung der Fans spricht f\u00fcr sich. Das Versprechen, das Album bei erfolgreichem Crowdfunding unter einer Creative Commons-Lizenz zu ver\u00f6ffentlichen, haben die Singv\u00f8gel deshalb auch dieses Mal wieder gern eingel\u00f6st.<\/p>\n<p><iframe loading=\"lazy\" src=\"\/\/www.youtube.com\/embed\/videoseries?list=PLYfRPcr77CgsG5ywIVvquIQrQP-Z3KFAj\" width=\"853\" height=\"480\" frameborder=\"0\" allowfullscreen=\"allowfullscreen\"><\/iframe><\/p>\n<p><strong>Die ganze Geschichte im Weblog: <a href=\"http:\/\/www.singvoegel.com\/index.php\/tag\/WESTWIND\/\">Alles von den Aufnahmen bis zum Crowdfunding<\/a><\/strong><\/p>\n<p>Hier k\u00f6nnt ihr <a href=\"http:\/\/www.singvoegel.com\/index.php\/cds-der-singvoegel-bestellen\/\">alle Singv\u00f8gel-CDs direkt bei uns bestellen<\/a><\/p>\n<p>Hier gibt es <a href=\"http:\/\/www.singvoegel.com\/index.php\/singvoegel-in-mp3\/\">alle Singv\u00f8gel-Alben in den Formaten MP3 oder FLAC<\/a><\/p>\n<p><strong>WESTWIND<\/strong><\/p>\n<p>1 <a href=\"http:\/\/www.singvoegel.com\/index.php\/aus-atlantis\/\">Aus Atlantis<\/a> 5:22<br \/>\n2 <a href=\"http:\/\/www.singvoegel.com\/index.php\/wiedersehen\/\">Wiedersehen<\/a> 5:56<br \/>\n3 <a href=\"http:\/\/www.singvoegel.com\/index.php\/viel-zu-still\/\">Viel zu still<\/a> 5:25<br \/>\n4 <a href=\"http:\/\/www.singvoegel.com\/index.php\/abendland\/\">Abendland<\/a> 10:38<br \/>\n5 <a href=\"http:\/\/www.singvoegel.com\/index.php\/eisberg\/\">Eisberg<\/a> 5:44<br \/>\n6 <a href=\"http:\/\/www.singvoegel.com\/index.php\/dies-ist-mein-land\/\">Dies ist mein Land<\/a> 3:27<br \/>\n7 <a href=\"http:\/\/www.singvoegel.com\/index.php\/schnee\/\">Schnee<\/a> 4:35<br \/>\n8 <a href=\"http:\/\/www.singvoegel.com\/index.php\/traumtaenzer\/\">Traumt\u00e4nzer<\/a> 4:33<br \/>\n9 <a href=\"http:\/\/www.singvoegel.com\/index.php\/sophies-lied\/\">Sophies Lied<\/a> 5:24<br \/>\n10 <a href=\"http:\/\/www.singvoegel.com\/index.php\/wohin\/\">Wohin<\/a> 4:30<br \/>\n11 <a href=\"http:\/\/www.singvoegel.com\/index.php\/plaetze-himmlischen-friedens\/\">Pl\u00e4tze himmlischen Friedens<\/a> 5:00<br \/>\n12 <a href=\"http:\/\/www.singvoegel.com\/index.php\/deine-haende\/\">Deine H\u00e4nde<\/a> 4:45<\/p>\n<p>KARAN: Gesang, Gitarre, Bass, Fl\u00f6ten, Keys, Arrangement, Komposition, Text<br \/>\nDUKE MEYER: Gesang, Gitarre, Bass, Keys, Mundharmonika, Arrangement, Komposition, Text<br \/>\nSVEN SCHOLZ: Schlagzeug, Perkussion, Arrangement, Komposition<br \/>\nINGO VOGELMANN: Produktion, Mix, Mastering, Arrangement<\/p>\n<p><a href=\"http:\/\/creativecommons.org\/licenses\/by-nc-nd\/4.0\/\" rel=\"license\"><img decoding=\"async\" style=\"border-width: 0;\" src=\"http:\/\/i.creativecommons.org\/l\/by-nc-nd\/4.0\/88x31.png\" alt=\"Creative Commons Lizenzvertrag\" \/><\/a><br \/>\nWESTWIND von <a href=\"http:\/\/www.singvoegel.com\" rel=\"cc:attributionURL\">Singv\u00f8gel<\/a> ist lizenziert unter einer <a href=\"http:\/\/creativecommons.org\/licenses\/by-nc-nd\/4.0\/\" rel=\"license\">Creative Commons Namensnennung &#8211; Nicht kommerziell &#8211; Keine Bearbeitungen 4.0 International Lizenz<\/a>.<br \/>\n\u00dcber diese Lizenz hinausgehende Erlaubnisse k\u00f6nnen Sie unter <a href=\"http:\/\/www.singvoegel.com\/index.php\/kontakt\/\" rel=\"cc:morePermissions\">http:\/\/www.singvoegel.com\/index.php\/kontakt\/<\/a> erhalten.<\/p>\n","protected":false},"excerpt":{"rendered":"<p>WESTWIND ist das bislang wohl aufw\u00e4ndigste Album in der bewegten Geschichte der Singv\u00f8gel. F\u00fcr die Aufnahmen zogen sich Karan, Duke und Sven zusammen mit Produzent Ingo Vogelmann volle zwei Wochen in ein abgelegenes Ferienhaus auf der d\u00e4nischen Nordseeinsel R\u00f8m\u00f8 zur\u00fcck. In dieser intensiven und kreativen Atmosph\u00e4re entstanden zw\u00f6lf Songs, die einmal mehr die au\u00dfergew\u00f6hnliche Bandbreite [&hellip;]<\/p>\n","protected":false},"author":4,"featured_media":615,"parent":0,"menu_order":0,"comment_status":"open","ping_status":"open","template":"","meta":{"footnotes":""},"class_list":["post-614","page","type-page","status-publish","has-post-thumbnail","czr-hentry"],"_links":{"self":[{"href":"http:\/\/www.singvoegel.com\/index.php\/wp-json\/wp\/v2\/pages\/614"}],"collection":[{"href":"http:\/\/www.singvoegel.com\/index.php\/wp-json\/wp\/v2\/pages"}],"about":[{"href":"http:\/\/www.singvoegel.com\/index.php\/wp-json\/wp\/v2\/types\/page"}],"author":[{"embeddable":true,"href":"http:\/\/www.singvoegel.com\/index.php\/wp-json\/wp\/v2\/users\/4"}],"replies":[{"embeddable":true,"href":"http:\/\/www.singvoegel.com\/index.php\/wp-json\/wp\/v2\/comments?post=614"}],"version-history":[{"count":17,"href":"http:\/\/www.singvoegel.com\/index.php\/wp-json\/wp\/v2\/pages\/614\/revisions"}],"predecessor-version":[{"id":1186,"href":"http:\/\/www.singvoegel.com\/index.php\/wp-json\/wp\/v2\/pages\/614\/revisions\/1186"}],"wp:featuredmedia":[{"embeddable":true,"href":"http:\/\/www.singvoegel.com\/index.php\/wp-json\/wp\/v2\/media\/615"}],"wp:attachment":[{"href":"http:\/\/www.singvoegel.com\/index.php\/wp-json\/wp\/v2\/media?parent=614"}],"curies":[{"name":"wp","href":"https:\/\/api.w.org\/{rel}","templated":true}]}}